{"id":1450,"date":"2026-04-20T15:40:25","date_gmt":"2026-04-20T12:40:25","guid":{"rendered":"https:\/\/mersinsuaritma.com\/?post_type=product&#038;p=1450"},"modified":"2026-04-20T15:40:57","modified_gmt":"2026-04-20T12:40:57","slug":"3-yollu-musluk","status":"publish","type":"product","link":"https:\/\/mersinsuaritma.com\/index.php\/urun\/3-yollu-musluk\/","title":{"rendered":"3 Yollu Musluk"},"content":{"rendered":"<h1>Su Ar\u0131tma Cihaz\u0131 3 Yollu Musluk<\/h1>\n<p>S\u0131cak, So\u011fuk ve Ar\u0131tmal\u0131 Musluk<\/p>\n","protected":false},"excerpt":{"rendered":"<p>Su Ar\u0131tma Cihaz\u0131 3 Yollu Musluk S\u0131cak, So\u011fuk ve Ar\u0131tmal\u0131 Musluk<\/p>\n","protected":false},"featured_media":1514,"comment_status":"closed","ping_status":"closed","template":"","meta":[],"product_brand":[],"product_cat":[60,55],"product_tag":[],"class_list":{"0":"post-1450","1":"product","2":"type-product","3":"status-publish","4":"has-post-thumbnail","6":"product_cat-musluk","7":"product_cat-tum-urunler","9":"first","10":"instock","11":"shipping-taxable","12":"product-type-simple"},"_links":{"self":[{"href":"https:\/\/mersinsuaritma.com\/index.php\/wp-json\/wp\/v2\/product\/1450","targetHints":{"allow":["GET"]}}],"collection":[{"href":"https:\/\/mersinsuaritma.com\/index.php\/wp-json\/wp\/v2\/product"}],"about":[{"href":"https:\/\/mersinsuaritma.com\/index.php\/wp-json\/wp\/v2\/types\/product"}],"replies":[{"embeddable":true,"href":"https:\/\/mersinsuaritma.com\/index.php\/wp-json\/wp\/v2\/comments?post=1450"}],"version-history":[{"count":1,"href":"https:\/\/mersinsuaritma.com\/index.php\/wp-json\/wp\/v2\/product\/1450\/revisions"}],"predecessor-version":[{"id":1515,"href":"https:\/\/mersinsuaritma.com\/index.php\/wp-json\/wp\/v2\/product\/1450\/revisions\/1515"}],"wp:featuredmedia":[{"embeddable":true,"href":"https:\/\/mersinsuaritma.com\/index.php\/wp-json\/wp\/v2\/media\/1514"}],"wp:attachment":[{"href":"https:\/\/mersinsuaritma.com\/index.php\/wp-json\/wp\/v2\/media?parent=1450"}],"wp:term":[{"taxonomy":"product_brand","embeddable":true,"href":"https:\/\/mersinsuaritma.com\/index.php\/wp-json\/wp\/v2\/product_brand?post=1450"},{"taxonomy":"product_cat","embeddable":true,"href":"https:\/\/mersinsuaritma.com\/index.php\/wp-json\/wp\/v2\/product_cat?post=1450"},{"taxonomy":"product_tag","embeddable":true,"href":"https:\/\/mersinsuaritma.com\/index.php\/wp-json\/wp\/v2\/product_tag?post=1450"}],"curies":[{"name":"wp","href":"https:\/\/api.w.org\/{rel}","templated":true}]}}