{"id":1433,"date":"2026-04-20T15:40:24","date_gmt":"2026-04-20T12:40:24","guid":{"rendered":"https:\/\/mersinsuaritma.com\/?post_type=product&#038;p=1433"},"modified":"2026-04-20T15:40:28","modified_gmt":"2026-04-20T12:40:28","slug":"acik-kasa-su-aritma-cihazi","status":"publish","type":"product","link":"https:\/\/mersinsuaritma.com\/index.php\/urun\/acik-kasa-su-aritma-cihazi\/","title":{"rendered":"A\u00e7\u0131k Kasa Su Ar\u0131tma Cihaz\u0131"},"content":{"rendered":"<h1><strong>A\u00e7\u0131k Kasa Su Ar\u0131tma Cihaz\u0131<\/strong><\/h1>\n<p>&nbsp;<\/p>\n<p data-sourcepos=\"3:1-3:36\"><strong>10\u201d Kartu\u015f 5 Mikron Spun Filtre:<\/strong><\/p>\n<ul data-sourcepos=\"5:1-10:0\">\n<li data-sourcepos=\"5:1-5:97\"><strong>\u0130\u015flev:<\/strong> Suyunuzdaki kum, \u00e7amur, pas ve di\u011fer b\u00fcy\u00fck partik\u00fclleri (5 mikrondan b\u00fcy\u00fck) giderir.<\/li>\n<li data-sourcepos=\"6:1-10:0\"><strong>Faydalar\u0131:<\/strong>\n<ul data-sourcepos=\"7:5-10:0\">\n<li data-sourcepos=\"7:5-7:61\">Su ar\u0131tma sisteminin di\u011fer filtrelerinin \u00f6mr\u00fcn\u00fc uzat\u0131r.<\/li>\n<li data-sourcepos=\"8:5-8:27\">T\u0131kan\u0131kl\u0131klar\u0131 \u00f6nler.<\/li>\n<li data-sourcepos=\"9:5-10:0\">Daha temiz ve berrak su sa\u011flar.<\/li>\n<\/ul>\n<\/li>\n<\/ul>\n<p data-sourcepos=\"11:1-11:33\"><strong>10\u201d Kartu\u015f GAC Karbon Filtre:<\/strong><\/p>\n<ul data-sourcepos=\"13:1-18:0\">\n<li data-sourcepos=\"13:1-13:101\"><strong>\u0130\u015flev:<\/strong> Klor, organik maddeler ve u\u00e7ucu organik bile\u015fikleri (VOC&#8217;ler) gibi kimyasallar\u0131 giderir.<\/li>\n<li data-sourcepos=\"14:1-18:0\"><strong>Faydalar\u0131:<\/strong>\n<ul data-sourcepos=\"15:5-18:0\">\n<li data-sourcepos=\"15:5-15:53\">Suyunuzu daha lezzetli ve kokusuz hale getirir.<\/li>\n<li data-sourcepos=\"16:5-16:57\">Klorun neden oldu\u011fu cilt ve sa\u00e7 kurulu\u011funu azalt\u0131r.<\/li>\n<li data-sourcepos=\"17:5-18:0\">Suyunuzu daha sa\u011fl\u0131kl\u0131 hale getirir.<\/li>\n<\/ul>\n<\/li>\n<\/ul>\n<p data-sourcepos=\"19:1-19:34\"><strong>10\u201d Kartu\u015f Blok Karbon Filtre:<\/strong><\/p>\n<ul data-sourcepos=\"21:1-26:0\">\n<li data-sourcepos=\"21:1-21:111\"><strong>\u0130\u015flev:<\/strong> GAC Karbon Filtrenin i\u015flevlerine ek olarak, daha k\u00fc\u00e7\u00fck kirleticileri de (5 mikrona kadar) giderir.<\/li>\n<li data-sourcepos=\"22:1-26:0\"><strong>Faydalar\u0131:<\/strong>\n<ul data-sourcepos=\"23:5-26:0\">\n<li data-sourcepos=\"23:5-23:32\">Suyunuzu daha da temizler.<\/li>\n<li data-sourcepos=\"24:5-24:66\">A\u011f\u0131r metaller ve pestisitler gibi zararl\u0131 maddeleri giderir.<\/li>\n<li data-sourcepos=\"25:5-26:0\">Suyunuzu daha g\u00fcvenli hale getirir.<\/li>\n<\/ul>\n<\/li>\n<\/ul>\n<p data-sourcepos=\"27:1-27:42\"><strong>10\u201d Inline Coconut Post Karbon Filtre:<\/strong><\/p>\n<ul data-sourcepos=\"29:1-33:0\">\n<li data-sourcepos=\"29:1-29:63\"><strong>\u0130\u015flev:<\/strong> Suyunuza son bir tat ve koku ar\u0131tma a\u015famas\u0131 ekler.<\/li>\n<li data-sourcepos=\"30:1-33:0\"><strong>Faydalar\u0131:<\/strong>\n<ul data-sourcepos=\"31:5-33:0\">\n<li data-sourcepos=\"31:5-31:45\">Suyunuzu taze ve lezzetli hale getirir.<\/li>\n<li data-sourcepos=\"32:5-33:0\">Su ar\u0131tma sisteminin genel performans\u0131n\u0131 optimize eder.<\/li>\n<\/ul>\n<\/li>\n<\/ul>\n<p data-sourcepos=\"34:1-34:19\"><strong>80 GPD Membran:<\/strong><\/p>\n<ul data-sourcepos=\"36:1-41:0\">\n<li data-sourcepos=\"36:1-36:127\"><strong>\u0130\u015flev:<\/strong> Su molek\u00fcllerinden tuzlar, a\u011f\u0131r metaller ve di\u011fer kirleticiler gibi istenmeyen maddeleri ay\u0131rarak suyunuzu ar\u0131t\u0131r.<\/li>\n<li data-sourcepos=\"37:1-41:0\"><strong>Faydalar\u0131:<\/strong>\n<ul data-sourcepos=\"38:5-41:0\">\n<li data-sourcepos=\"38:5-38:71\">Musluk suyunuzu neredeyse ar\u0131t\u0131lm\u0131\u015f su seviyesine kadar temizler.<\/li>\n<li data-sourcepos=\"39:5-39:50\">Ters osmoz sisteminin en \u00f6nemli bile\u015fenidir.<\/li>\n<li data-sourcepos=\"40:5-41:0\">Daha sa\u011fl\u0131kl\u0131 ve g\u00fcvenli i\u00e7me suyu sa\u011flar.<\/li>\n<\/ul>\n<\/li>\n<\/ul>\n<p data-sourcepos=\"42:1-42:39\"><strong>3.2 Galon Metal Bas\u0131n\u00e7 Denge Tank\u0131:<\/strong><\/p>\n<ul data-sourcepos=\"44:1-49:0\">\n<li data-sourcepos=\"44:1-44:107\"><strong>\u0130\u015flev:<\/strong> Membran taraf\u0131ndan \u00fcretilen ar\u0131t\u0131lm\u0131\u015f suyu depolar ve musluktan sabit bir ak\u0131\u015f h\u0131z\u0131yla sa\u011flar.<\/li>\n<li data-sourcepos=\"45:1-49:0\"><strong>Faydalar\u0131:<\/strong>\n<ul data-sourcepos=\"46:5-49:0\">\n<li data-sourcepos=\"46:5-46:64\">Su bas\u0131nc\u0131n\u0131 dengeler ve su ak\u0131\u015f\u0131n\u0131n dalgalanmas\u0131n\u0131 \u00f6nler.<\/li>\n<li data-sourcepos=\"47:5-47:28\">Membran \u00f6mr\u00fcn\u00fc uzat\u0131r.<\/li>\n<li data-sourcepos=\"48:5-49:0\">Daha konforlu bir su kullan\u0131m\u0131 sa\u011flar.<\/li>\n<\/ul>\n<\/li>\n<\/ul>\n<p data-sourcepos=\"50:1-50:16\"><strong>L\u00fcks Musluk:<\/strong><\/p>\n<ul data-sourcepos=\"52:1-56:0\">\n<li data-sourcepos=\"52:1-52:106\"><strong>\u0130\u015flev:<\/strong> Ar\u0131t\u0131lm\u0131\u015f suyu mutfa\u011f\u0131n\u0131za \u015f\u0131k ve modern bir g\u00f6r\u00fcn\u00fcm katarken kullan\u0131\u015fl\u0131 bir \u015fekilde da\u011f\u0131t\u0131r.<\/li>\n<li data-sourcepos=\"53:1-56:0\"><strong>Faydalar\u0131:<\/strong>\n<ul data-sourcepos=\"54:5-56:0\">\n<li data-sourcepos=\"54:5-54:49\">Su ar\u0131tma sisteminizin esteti\u011fini tamamlar.<\/li>\n<li data-sourcepos=\"55:5-56:0\">Su kullan\u0131m\u0131 kolayl\u0131\u011f\u0131 sa\u011flar.<\/li>\n<\/ul>\n<\/li>\n<\/ul>\n<p data-sourcepos=\"57:1-57:27\"><strong>60 PSI Bas\u0131n\u00e7 D\u00fc\u015f\u00fcr\u00fcc\u00fc:<\/strong><\/p>\n<ul data-sourcepos=\"59:1-64:0\">\n<li data-sourcepos=\"59:1-59:79\"><strong>\u0130\u015flev:<\/strong> Su \u015febekesinden gelen y\u00fcksek bas\u0131nc\u0131 g\u00fcvenli bir seviyeye d\u00fc\u015f\u00fcr\u00fcr.<\/li>\n<li data-sourcepos=\"60:1-64:0\"><strong>Faydalar\u0131:<\/strong>\n<ul data-sourcepos=\"61:5-64:0\">\n<li data-sourcepos=\"61:5-61:41\">Su ar\u0131tma sisteminin \u00f6mr\u00fcn\u00fc uzat\u0131r.<\/li>\n<li data-sourcepos=\"62:5-62:37\">S\u0131z\u0131nt\u0131lar\u0131 ve ar\u0131zalar\u0131 \u00f6nler.<\/li>\n<li data-sourcepos=\"63:5-64:0\">Sistemin daha g\u00fcvenli \u00e7al\u0131\u015fmas\u0131n\u0131 sa\u011flar.<\/li>\n<\/ul>\n<\/li>\n<\/ul>\n<p data-sourcepos=\"65:1-65:21\"><strong>5 A\u015famal\u0131 Sistem:<\/strong><\/p>\n<ul data-sourcepos=\"67:1-71:0\">\n<li data-sourcepos=\"67:1-67:85\"><strong>\u0130\u015flev:<\/strong> Suyunuzu 5 farkl\u0131 a\u015famada ar\u0131tarak en y\u00fcksek temizlik seviyesini sa\u011flar.<\/li>\n<li data-sourcepos=\"68:1-71:0\"><strong>Faydalar\u0131:<\/strong>\n<ul data-sourcepos=\"69:5-71:0\">\n<li data-sourcepos=\"69:5-69:63\">Suyunuzdaki t\u00fcm kirleticileri etkili bir \u015fekilde giderir.<\/li>\n<li data-sourcepos=\"70:5-71:0\">Size en saf ve en sa\u011fl\u0131kl\u0131 i\u00e7me suyunu sunar.<\/li>\n<\/ul>\n<\/li>\n<\/ul>\n<p data-sourcepos=\"72:1-72:35\"><strong>Pompal\u0131 ve Pompas\u0131z Se\u00e7enekler:<\/strong><\/p>\n<ul data-sourcepos=\"74:1-76:0\">\n<li data-sourcepos=\"74:1-74:114\"><strong>Pompal\u0131 Sistem:<\/strong> D\u00fc\u015f\u00fck su bas\u0131nc\u0131 olan evler i\u00e7in uygundur. Membran\u0131n optimum performans g\u00f6stermesini sa\u011flar.<\/li>\n<li data-sourcepos=\"75:1-76:0\"><strong>Pompas\u0131z Sistem:<\/strong> Yeterli su bas\u0131nc\u0131na sahip olan evler i\u00e7in uygundur. Daha uygun fiyatl\u0131 bir se\u00e7enektir.<\/li>\n<\/ul>\n<p data-sourcepos=\"77:1-77:19\"><strong>Genel Faydalar:<\/strong><\/p>\n<ul data-sourcepos=\"79:1-83:0\">\n<li data-sourcepos=\"79:1-79:55\">Daha temiz, daha sa\u011fl\u0131kl\u0131 ve daha lezzetli su sa\u011flar.<\/li>\n<li data-sourcepos=\"80:1-80:36\">Cilt ve sa\u00e7 problemlerini azalt\u0131r.<\/li>\n<li data-sourcepos=\"81:1-81:31\">Ev aletlerinin \u00f6mr\u00fcn\u00fc uzat\u0131r.<\/li>\n<li data-sourcepos=\"82:1-83:0\">\u00c7evre dostudur.<\/li>\n<\/ul>\n<table class=\"woocommerce-product-attributes shop_attributes\">\n<tbody>\n<tr class=\"woocommerce-product-attributes-item woocommerce-product-attributes-item--attribute_1-filtre\">\n<th class=\"woocommerce-product-attributes-item__label\">1. F\u0130LTRE<\/th>\n<td class=\"woocommerce-product-attributes-item__value\">10\u201d Kartu\u015f 5 Mikron Spun Filtre<\/td>\n<\/tr>\n<tr class=\"woocommerce-product-attributes-item woocommerce-product-attributes-item--attribute_2-filtre\">\n<th class=\"woocommerce-product-attributes-item__label\">2. F\u0130LTRE<\/th>\n<td class=\"woocommerce-product-attributes-item__value\">10\u201d Kartu\u015f GAC Karbon Filtre<\/td>\n<\/tr>\n<tr class=\"woocommerce-product-attributes-item woocommerce-product-attributes-item--attribute_3-filtre\">\n<th class=\"woocommerce-product-attributes-item__label\">3. F\u0130LTRE<\/th>\n<td class=\"woocommerce-product-attributes-item__value\">10\u201d Kartu\u015f Blok Karbon Filtre<\/td>\n<\/tr>\n<tr class=\"woocommerce-product-attributes-item woocommerce-product-attributes-item--attribute_4-filtre-membran\">\n<th class=\"woocommerce-product-attributes-item__label\">4. F\u0130LTRE MEMBRAN<\/th>\n<td class=\"woocommerce-product-attributes-item__value\">G\u00fcnl\u00fck 275-300 Litre \u00dcretim Kapasiteli 75\/80 GPD Membran<\/td>\n<\/tr>\n<tr class=\"woocommerce-product-attributes-item woocommerce-product-attributes-item--attribute_5-filtre\">\n<th class=\"woocommerce-product-attributes-item__label\">5. F\u0130LTRE<\/th>\n<td class=\"woocommerce-product-attributes-item__value\">10\u201d Inline Coconut Post Karbon Filtre<\/td>\n<\/tr>\n<tr class=\"woocommerce-product-attributes-item woocommerce-product-attributes-item--attribute_musluk\">\n<th class=\"woocommerce-product-attributes-item__label\">MUSLUK<\/th>\n<td class=\"woocommerce-product-attributes-item__value\">L\u00fcks Musluk<\/td>\n<\/tr>\n<tr class=\"woocommerce-product-attributes-item woocommerce-product-attributes-item--attribute_tank\">\n<th class=\"woocommerce-product-attributes-item__label\">TANK<\/th>\n<td class=\"woocommerce-product-attributes-item__value\">12 Litre 3.2 Galon Metal Bas\u0131n\u00e7 Denge Tank\u0131<\/td>\n<\/tr>\n<tr class=\"woocommerce-product-attributes-item woocommerce-product-attributes-item--attribute_pompa\">\n<th class=\"woocommerce-product-attributes-item__label\">POMPA<\/th>\n<td class=\"woocommerce-product-attributes-item__value\">Pompas\u0131z, Pompal\u0131<\/td>\n<\/tr>\n<tr class=\"woocommerce-product-attributes-item woocommerce-product-attributes-item--attribute_g%c3%bcvenlik\">\n<th class=\"woocommerce-product-attributes-item__label\">G\u00dcVENL\u0130K<\/th>\n<td class=\"woocommerce-product-attributes-item__value\">60 PSI Bas\u0131n\u00e7 D\u00fc\u015f\u00fcr\u00fcc\u00fc<\/td>\n<\/tr>\n<\/tbody>\n<\/table>\n","protected":false},"excerpt":{"rendered":"<p>A\u00e7\u0131k Kasa Su Ar\u0131tma Cihaz\u0131<\/p>\n","protected":false},"featured_media":1464,"comment_status":"closed","ping_status":"closed","template":"","meta":[],"product_brand":[],"product_cat":[54,55],"product_tag":[],"class_list":{"0":"post-1433","1":"product","2":"type-product","3":"status-publish","4":"has-post-thumbnail","6":"product_cat-eviniz-icin","7":"product_cat-tum-urunler","9":"first","10":"instock","11":"shipping-taxable","12":"product-type-simple"},"_links":{"self":[{"href":"https:\/\/mersinsuaritma.com\/index.php\/wp-json\/wp\/v2\/product\/1433","targetHints":{"allow":["GET"]}}],"collection":[{"href":"https:\/\/mersinsuaritma.com\/index.php\/wp-json\/wp\/v2\/product"}],"about":[{"href":"https:\/\/mersinsuaritma.com\/index.php\/wp-json\/wp\/v2\/types\/product"}],"replies":[{"embeddable":true,"href":"https:\/\/mersinsuaritma.com\/index.php\/wp-json\/wp\/v2\/comments?post=1433"}],"version-history":[{"count":1,"href":"https:\/\/mersinsuaritma.com\/index.php\/wp-json\/wp\/v2\/product\/1433\/revisions"}],"predecessor-version":[{"id":1465,"href":"https:\/\/mersinsuaritma.com\/index.php\/wp-json\/wp\/v2\/product\/1433\/revisions\/1465"}],"wp:featuredmedia":[{"embeddable":true,"href":"https:\/\/mersinsuaritma.com\/index.php\/wp-json\/wp\/v2\/media\/1464"}],"wp:attachment":[{"href":"https:\/\/mersinsuaritma.com\/index.php\/wp-json\/wp\/v2\/media?parent=1433"}],"wp:term":[{"taxonomy":"product_brand","embeddable":true,"href":"https:\/\/mersinsuaritma.com\/index.php\/wp-json\/wp\/v2\/product_brand?post=1433"},{"taxonomy":"product_cat","embeddable":true,"href":"https:\/\/mersinsuaritma.com\/index.php\/wp-json\/wp\/v2\/product_cat?post=1433"},{"taxonomy":"product_tag","embeddable":true,"href":"https:\/\/mersinsuaritma.com\/index.php\/wp-json\/wp\/v2\/product_tag?post=1433"}],"curies":[{"name":"wp","href":"https:\/\/api.w.org\/{rel}","templated":true}]}}