{"id":1432,"date":"2026-04-20T15:40:23","date_gmt":"2026-04-20T12:40:23","guid":{"rendered":"https:\/\/mersinsuaritma.com\/?post_type=product&#038;p=1432"},"modified":"2026-04-20T15:40:27","modified_gmt":"2026-04-20T12:40:27","slug":"ev-daire-girisi-su-aritma-cihazi","status":"publish","type":"product","link":"https:\/\/mersinsuaritma.com\/index.php\/urun\/ev-daire-girisi-su-aritma-cihazi\/","title":{"rendered":"Ev Daire Giri\u015fi Su Ar\u0131tma Cihaz\u0131"},"content":{"rendered":"<h1><strong>Ev Daire Giri\u015fi Su Ar\u0131tma Cihaz\u0131<\/strong><\/h1>\n<p>Basic ev ana giri\u015f su ar\u0131tma sistemi ev ve i\u015fyerlerinin ana su giri\u015fine su sayac\u0131n\u0131n \u00f6n\u00fcne yerle\u015ftirilen ileri teknoloji bir \u00fcr\u00fcnd\u00fcr. Su ar\u0131tma sistemi olarak 3 filtreye sahip olup, y\u00fcksek kalitede sa\u011fl\u0131kl\u0131 su elde etmektedir. Filtre say\u0131s\u0131 bak\u0131m\u0131ndan \u00e7ok az yer kaplayan su ar\u0131tma cihaz\u0131, \u015febeke suyunu t\u00fcm kir, kal\u0131nt\u0131 ve olu\u015fabilecek kire\u00e7 partik\u00fcllerini temizler. Y\u0131kanabilir filtrede su \u00e7ak\u0131l, \u00e7amur ve mil gibi at\u0131klardan temizlenmektedir. Aktif karbon blok filtre klor ve k\u00f6t\u00fc kokulardan suyu ar\u0131nd\u0131r\u0131r. Silifoz Filtre sayesinde sudaki kireci ak\u0131\u015fkan hale geitirerek y\u00fczeylere yap\u0131\u015fmamas\u0131n\u0131 sa\u011flar. Conax ev ana giri\u015f su ar\u0131tma sistemi, ar\u0131tma i\u015fini en iyi yapan su ar\u0131tma cihaz\u0131 olarak \u00e7ok pop\u00fclerdir. Binan\u0131z\u0131n su giri\u015fine ba\u011flanan en kaliteli cihazd\u0131r.<\/p>\n","protected":false},"excerpt":{"rendered":"<p><strong>Ev Daire Giri\u015fi Su Ar\u0131tma Cihaz\u0131<\/strong><\/p>\n","protected":false},"featured_media":1462,"comment_status":"closed","ping_status":"closed","template":"","meta":[],"product_brand":[],"product_cat":[54,55],"product_tag":[],"class_list":{"0":"post-1432","1":"product","2":"type-product","3":"status-publish","4":"has-post-thumbnail","6":"product_cat-eviniz-icin","7":"product_cat-tum-urunler","9":"first","10":"instock","11":"shipping-taxable","12":"product-type-simple"},"_links":{"self":[{"href":"https:\/\/mersinsuaritma.com\/index.php\/wp-json\/wp\/v2\/product\/1432","targetHints":{"allow":["GET"]}}],"collection":[{"href":"https:\/\/mersinsuaritma.com\/index.php\/wp-json\/wp\/v2\/product"}],"about":[{"href":"https:\/\/mersinsuaritma.com\/index.php\/wp-json\/wp\/v2\/types\/product"}],"replies":[{"embeddable":true,"href":"https:\/\/mersinsuaritma.com\/index.php\/wp-json\/wp\/v2\/comments?post=1432"}],"version-history":[{"count":1,"href":"https:\/\/mersinsuaritma.com\/index.php\/wp-json\/wp\/v2\/product\/1432\/revisions"}],"predecessor-version":[{"id":1463,"href":"https:\/\/mersinsuaritma.com\/index.php\/wp-json\/wp\/v2\/product\/1432\/revisions\/1463"}],"wp:featuredmedia":[{"embeddable":true,"href":"https:\/\/mersinsuaritma.com\/index.php\/wp-json\/wp\/v2\/media\/1462"}],"wp:attachment":[{"href":"https:\/\/mersinsuaritma.com\/index.php\/wp-json\/wp\/v2\/media?parent=1432"}],"wp:term":[{"taxonomy":"product_brand","embeddable":true,"href":"https:\/\/mersinsuaritma.com\/index.php\/wp-json\/wp\/v2\/product_brand?post=1432"},{"taxonomy":"product_cat","embeddable":true,"href":"https:\/\/mersinsuaritma.com\/index.php\/wp-json\/wp\/v2\/product_cat?post=1432"},{"taxonomy":"product_tag","embeddable":true,"href":"https:\/\/mersinsuaritma.com\/index.php\/wp-json\/wp\/v2\/product_tag?post=1432"}],"curies":[{"name":"wp","href":"https:\/\/api.w.org\/{rel}","templated":true}]}}